units digit of b?
8
Let w = 40495 - 25681. What is the hundreds digit of w?
8
Let g = 675 + -671. Suppose -5*w + 979 = 8*k - g*k, -3*k + 714 = -3*w. What is the tens digit of k?
4
Let i be (0 + -9)*(-33400)/(-150). Let t = i - -3216. What is the hundreds digit of t?
2
Let r be (4*-2)/(-11 - -13). Let y be (115 - r) + 0 + 1. Let k = -45 + y. What is the units digit of k?
5
Let s(o) be the second derivative of 4*o**2 - 18*o + 1/6*o**3 + 0 + 1/20*o**5 + 7/12*o**4. What is the units digit of s(-6)?
8
Suppose 13*l + 29*l - 318755 = 37*l. What is the tens digit of l?
5
Suppose -4*i + 2352 = -4*b, -b - 2637 = -5*i + 303. Suppose 2*w - 2 = 0, 3*l + w - i - 565 = 0. What is the units digit of l?
4
Let m = -733 + 1140. Suppose -2*k = 103 - m. Suppose -82*b = -78*b - k. What is the units digit of b?
8
Let u(l) = -l - 2. Let n be u(-14). Suppose 14*y - n*y = -4. What is the tens digit of ((-712)/20)/(y/5)?
8
Let m(j) = j**3 + 10*j**2 + 15*j - 7. Let h be m(-8). What is the hundreds digit of (-18)/(-18) + (h - -5*76)?
3
Let t be 1/(1/(-12)) + -3. Let z(c) = -c**2 - 19*c - 13. Let v be z(t). Suppose y = v + 28. What is the units digit of y?
5
Let d(q) = 2*q**2 + 9*q + 13. Suppose -10 = 5*w - 0. Let s(h) = -h**2 - 5. Let c be s(w). What is the units digit of d(c)?
4
Suppose -24 = -5*p + 2*s, -2*s - 16 = -5*p - 4*s. What is the units digit of (-134 - 3)/(p/48*-4)?
1
Suppose -5*f - 78820 = -5*a, 78876 = -63*a + 68*a + 3*f. What is the ten thousands digit of a?
1
Let x = -33 - -15. What is the tens digit of (0 - (-24)/x)/((-1)/249)?
3
Let n = -121 - -48715. What is the tens digit of n?
9
Let p(t) be the first derivative of -189*t**2/2 - 50*t + 81. What is the thousands digit of p(-7)?
1
Let g be 212/(-18) - ((-40)/(-36))/5. What is the tens digit of (30/g)/(5/(-12)) - -712?
1
Suppose 38*h = -46*h + 232488 + 713016. What is the units digit of h?
6
Let l = -2507 - -1654. What is the tens digit of 8/8 + 8 - l?
6
Let f be 0/(-3 - 0 - 2 - -3). Suppose d - 3*d + 512 = f. Suppose 3*n = d + 170. What is the units digit of n?
2
Let w(s) = 2 + 7*s + 0 - 108*s**2 + 110*s**2. Let n be w(10). What is the units digit of (0 - -1) + n/17?
7
What is the thousands digit of (-6)/81 + 2562050/270 + -6?
9
Suppose 10*t - 818 + 128 = 0. Let p = 219 + t. What is the units digit of p?
8
Let u be 43 + -3*4/3. Let i = u + -36. Suppose -c = -i*d + 69, c = -4*c - 15. What is the units digit of d?
2
Let t(u) = -u**3 - 2*u**2 + u + 4. Let h be t(-2). Suppose 0*m = c - h*m - 12, -5*m - 21 = -c. What is the units digit of (16/c)/(-2)*(-2544)/32?
6
Suppose t - 2*l + 160 = -4*t, -2*t = -l + 65. Suppose 0 = 3*s - 5*n - 120, -2*s - 75 = -4*s + 5*n. Let p = s + t. What is the tens digit of p?
1
Suppose 0 = 164*m - 1888609 + 56676 - 742375. What is the tens digit of m?
9
Let g be (-191)/9 - (-4 - (-306)/81). Let w = g - -306. What is the units digit of w?
5
What is the units digit of (6 + -14)/(1/(-977))?
6
Suppose 3*k = -2*o + 4, 4*k - 5*k - 2 = -o. Suppose -g = -4, k*g = 2*n - 2*g - 622. What is the hundreds digit of n?
3
Let q(j) = -j**2 + 9*j + 3. Let n be q(9). Suppose -2*u + 3*u + 5*i + 91 = 0, 2*u = -4*i - 212. What is the tens digit of (3*u/n)/(-2)?
5
Let h(b) = -b + 8. Let k be h(5). What is the units digit of k + (-1603)/(-3) + 6/(-18)?
7
Suppose 14*p + 36 = 20*p. What is the units digit of ((-2)/p)/(-2*9/756)?
4
Suppose 2*s + 13 = -17. Let h be s/5 + 4 + -1. Suppose -o - 4 = 0, h*o = 5*r - 5*o - 90. What is the tens digit of r?
1
Suppose 3*m - 2346 = -2*g, 11*m - 12*m = 4. What is the units digit of g?
9
What is the hundreds digit of -4 + (21500/150)/(3 + (-62)/21)?
0
Suppose 2*u - 42 = -34. Suppose -6 = 2*y, 4*d + 0*y - 460 = -u*y. Suppose 2*p - 3*g - 35 = d, -4*g = p - 49. What is the units digit of p?
9
Suppose 92180 = 4*w - 5*s, 34*w - 69135 = 31*w + 10*s. What is the hundreds digit of w?
0
Let r = -26 - 20. Let o = 46 + r. Suppose o = -2*n + n, -29 = -a + 4*n. What is the units digit of a?
9
Let k(b) = 21*b - 9. Suppose -3*h + 18 = d, -4*d = 4*h - h - 27. Suppose 0 = 5*w - h, 3*g - 5*w = 1 - 0. What is the units digit of k(g)?
3
Suppose -243*t + 3*d + 63336 = -239*t, -2*d - 79177 = -5*t. What is the ten thousands digit of t?
1
Let x(p) = -22*p - 15. Let v(k) = -k - 1. Let b(c) = -6*v(c) + 3*x(c). Let q = 9 - 13. What is the units digit of b(q)?
1
Let v be ((-128337)/(-88) - 10) + 6/(-16). Let r = v + -891. What is the hundreds digit of r?
5
Let f(a) = -a**2 - a + 8. Suppose 5*p - 4*h - 4 = 4, 5*p + 4*h + 8 = 0. Let o be f(p). What is the units digit of 5*o/10*11?
4
Let g(x) = 261*x - 1. Let k be g(-1). Let s = 320 - k. What is the tens digit of s?
8
What is the hundreds digit of -31329*(1270/(-2667) - (0 + -2)/14)?
4
Let y = -20526 + 34305. What is the hundreds digit of y?
7
Suppose 4*n + 5*v - 10500 = 0, -5*v - 10060 - 3065 = -5*n. What is the tens digit of n?
2
Let p(x) = x**2 - 16*x + 20. Let c be p(16). Suppose -80 = 16*t - c*t. Suppose t*r + 75 = 25*r. What is the tens digit of r?
1
Let u = -48470 - -70183. What is the units digit of u?
3
Suppose 7190915 = 68*u + 87*u. What is the tens digit of u?
9
Suppose 0 = 15*q - 4*q - 33. Suppose -531 = 3*y - q*p, 2*y + 59 = 3*p - 293. Let c = y - -271. What is the units digit of c?
2
Suppose -1 - 161 = -9*g. Let i be 3/(g/26)*15. Suppose -i = -f + 139. What is the hundreds digit of f?
2
Suppose -149*u = -141*u - 6616. Suppose -5*p = -u - 2453. What is the tens digit of p?
5
Suppose 0 = a - 2*g - 4412, 141*a - 2*g = 137*a + 17654. What is the tens digit of a?
1
Let a(g) = 10 - 6*g**2 + 16*g + 5*g**2 - 1. Suppose 11*t = 20*t - 90. What is the units digit of a(t)?
9
Suppose 8*k - 6*k + x - 9100 = 0, 0 = 4*x - 16. Suppose 4*d = 0, 0 = -4*a - d - 220 + k. What is the units digit of a?
2
Suppose -10*z + 5298 = 1088. Let c = 1051 - z. What is the hundreds digit of c?
6
Let c be 2345/(-21) - (-3)/(-9). Let q = -257 - -63. Let w = c - q. What is the tens digit of w?
8
Suppose 2*t - 27 = -3*x - t, -2*x + t + 3 = 0. Suppose -5*g + 5 - 4 = -4*d, -d = -5*g + x. What is the hundreds digit of 3 - ((-151)/g - -4) - 3?
1
Let n(q) = 2*q + 5. Let h be n(8). Let r = h + -101. Let g = -8 - r. What is the units digit of g?
2
Let k = 4122 + -4094. What is the units digit of k?
8
Suppose 5*f = 2*u - 108556, 118*u - 120*u - 4*f + 108556 = 0. What is the thousands digit of u?
4
Suppose 11*a = 7*a - 548. Let w = a - -1095. What is the units digit of w?
8
Let j(g) = -g**2 + 8*g - 1. Let p be j(7). Suppose p*t + 15 = 5*v + t, -2*t = 3*v - 9. Suppose 0 = v*l, s = 3*s - 2*l - 170. What is the units digit of s?
5
Let v = 19023 - -14828. What is the thousands digit of v?
3
Let i = -1149 - -1154. Let n be (-1)/2 + (-262)/(-4). Suppose i*l - 60 = n. What is the tens digit of l?
2
Suppose -3*w + 0*v = 5*v + 341, 206 = -2*w + 2*v. Let s = w + 171. Suppose 0 = 2*r - 16 - s. What is the units digit of r?
0
Let w = 8 + -6. Suppose -5*l + 46 = w*a, -4*a + 2*l + 32 = -3*l. Suppose 9*k + 52 = a*k. What is the tens digit of k?
1
Let h = 403 + -403. Suppose 7*z - 236 - 3481 = h. What is the hundreds digit of z?
5
Let l(c) = 2*c**2 - 2*c + 55. Suppose 5*j = -5*a - 70, -3*j - 5*a - 63 = -9*a. What is the hundreds digit of l(j)?
6
Let n(y) = 4*y**2 - 50*y + 230. What is the tens digit of n(26)?
3
Let d(l) = 2*l**2 + l. Let s be 35/7 + (-2 - 0). Suppose 2*h = s - 13. What is the tens digit of d(h)?
4
Let c(m) = 21*m**2 - 4*m + 1. Suppose -5*y = 2*d - 19 - 2, y - 1 = -2*d. What is the tens digit of c(y)?
0
Let j(r) = -16*r**3 + 3*r**2 + 14*r + 3. Let c be j(-6). Suppose c = 15*t - 3462. What is the tens digit of t?
6
Suppose 4*v + 116 = 4*j, -3*j + 0*j = 4*v - 108. Suppose -k = -2*k + 2, -k + j = -5*m. What is the units digit of -2*(2 + m + 3)?
2
Suppose -18 = 3*g - 9*g. What is the hundreds digit of g + 0 - (-278 - (-3 - 7))?
2
Suppose 1295636 = 384*t - 9565648 - 9618588. What is the tens digit of t?
3
Let q = 19511 - -2008. What is the hundreds digit of q?
5
Let v = 11292 - -3749. What is the ten thousands digit of v?
1
Let i(g) = -3*g + 18. Let a(w) = w**3 + 4*w**2 - w - 4. Let p be a(-3). Let s be i(p). Let z(y) = -10*y - 13. What is the units digit of z(s)?
7
Suppose 76*a = -174*a + 55*a + 3671655. What is the thousands digit of a?
8
Let r be (9/(-6))/(36/(-48)). What is the te